3, 7, 6529
What are the prime factors of 72130?
2, 5, 7213
List the prime factors of 49361.
13, 3797
What are the prime factors of 77076?
2, 3, 2141
What are the prime factors of 686?
2, 7
List the prime factors of 3160.
2, 5, 79
What are the prime factors of 425?
5, 17
List the prime factors of 1030.
2, 5, 103
List the prime factors of 2102.
2, 1051
What are the prime factors of 892?
2, 223
List the prime factors of 1022.
2, 7, 73
List the prime factors of 6198.
2, 3, 1033
List the prime factors of 763.
7, 109
List the prime factors of 54875.
5, 439
List the prime factors of 30281.
107, 283
What are the prime factors of 999?
3, 37
List the prime factors of 485.
5, 97
List the prime factors of 24503.
107, 229
List the prime factors of 50224.
2, 43, 73
List the prime factors of 92603.
7, 13229
List the prime factors of 2442.
2, 3, 11, 37
List the prime factors of 7106.
2, 11, 17, 19
What are the prime factors of 6990?
2, 3, 5, 233
What are the prime factors of 96791?
151, 641
What are the prime factors of 166648?
2, 37, 563
What are the prime factors of 5333?
5333
What are the prime factors of 2029?
2029
List the prime factors of 1684.
2, 421
List the prime factors of 3562.
2, 13, 137
What are the prime factors of 9168?
2, 3, 191
List the prime factors of 15439.
15439
List the prime factors of 287.
7, 41
List the prime factors of 2078.
2, 1039
List the prime factors of 156163.
7, 3187
List the prime factors of 2262.
2, 3, 13, 29
List the prime factors of 35.
5, 7
What are the prime factors of 194?
2, 97
What are the prime factors of 6840?
2, 3, 5, 19
What are the prime factors of 2898?
2, 3, 7, 23
List the prime factors of 115325.
5, 7, 659
What are the prime factors of 514?
2, 257
What are the prime factors of 43674?
2, 3, 29, 251
What are the prime factors of 42822?
2, 3, 13, 61
What are the prime factors of 7735?
5, 7, 13, 17
List the prime factors of 5449.
5449
List the prime factors of 34092.
2, 3, 947
List the prime factors of 13558.
2, 6779
List the prime factors of 53.
53
What are the prime factors of 9661?
9661
What are the prime factors of 39911?
107, 373
List the prime factors of 21673.
21673
List the prime factors of 3177.
3, 353
What are the prime factors of 1196?
2, 13, 23
List the prime factors of 1342.
2, 11, 61
What are the prime factors of 18900?
2, 3, 5, 7
What are the prime factors of 5943?
3, 7, 283
List the prime factors of 33328.
2, 2083
List the prime factors of 2836.
2, 709
List the prime factors of 28286.
2, 14143
What are the prime factors of 73593?
3, 13, 17, 37
What are the prime factors of 59356?
2, 11, 19, 71
List the prime factors of 3803.
3803
What are the prime factors of 22079?
22079
What are the prime factors of 38076?
2, 3, 19, 167
What are the prime factors of 5489?
11, 499
List the prime factors of 657.
3, 73
List the prime factors of 2125.
5, 17
List the prime factors of 1397.
11, 127
List the prime factors of 18517.
18517
List the prime factors of 2851.
2851
What are the prime factors of 84?
2, 3, 7
List the prime factors of 685.
5, 137
List the prime factors of 49216.
2, 769
List the prime factors of 42230.
2, 5, 41, 103
List the prime factors of 2100.
2, 3, 5, 7
List the prime factors of 1569.
3, 523
What are the prime factors of 14334?
2, 3, 2389
What are the prime factors of 8431?
8431
What are the prime factors of 56907?
3, 6323
List the prime factors of 27241.
27241
What are the prime factors of 80992?
2, 2531
List the prime factors of 7866.
2, 3, 19, 23
List the prime factors of 5420.
2, 5, 271
List the prime factors of 1153.
1153
List the prime factors of 5603.
13, 431
What are the prime factors of 11045?
5, 47
What are the prime factors of 33614?
2, 7
What are the prime factors of 146727?
3, 7, 17, 137
What are the prime factors of 21048?
2, 3, 877
What are the prime factors of 4637?
4637
List the prime factors of 5666.
2, 2833
List the prime factors of 690.
2, 3, 5, 23
List the prime factors of 40.
2, 5
What are the prime factors of 83604?
2, 3, 6967
List the prime factors of 7777.
7, 11, 101
List the prime factors of 21982.
2, 29, 379
List the prime factors of 234.
2, 3, 13
What are the prime factors of 16146?
2, 3, 13, 23
List the prime factors of 1033.
1033
What are the prime factors of 365?
5, 73
What are the prime factors of 2188?
2, 547
List the prime factors of 15137.
15137
List the prime factors of 3494.
2, 1747
List the prime factors of 7156.
2, 1789
What are the prime factors of 10063?
29, 347
List the prime factors of 71725.
5, 19, 151
What are the prime factors of 6135?
3, 5, 409
List the prime factors of 28207.
67, 421
What are the prime factors of 8816?
2, 19, 29
What are the prime factors of 8536?
2, 11, 97
List the prime factors of 3367.
7, 13, 37
What are the prime factors of 1699?
1699
What are the prime factors of 297?
3, 11
What are the prime factors of 48620?
2, 5, 11, 13, 17
List the prime factors of 4188.
2, 3, 349
What are the prime factors of 1758?
2, 3, 293
What are the prime factors of 92532?
2, 3, 11, 701
What are the prime factors of 35497?
7, 11, 461
List the prime factors of 118.
2, 59
What are the prime factors of 42612?
2, 3, 53, 67
List the prime factors of 3650.
2, 5, 73
What are the prime factors of 4019?
4019
List the prime factors of 56817.
3, 59, 107
List the prime factors of 2828.
2, 7, 101
What are the prime factors of 39684?
2, 3, 3307
What are the prime factors of 85635?
3, 5, 11, 173
List the prime factors of 76.
2, 19
List the prime factors of 16983.
3, 17, 37
What are the prime factors of 283?
283
List the prime factors of 1150.
2, 5, 23
What are the prime factors of 2902?
2, 1451
What are the prime factors of 127247?
127247
List the prime factors of 94222.
2, 47111
What are the prime factors of 51277?
47, 1091
List the prime factors of 3507.
3, 7, 167
List the prime factors of 10426.
2, 13, 401
List the prime factors of 302.
2, 151
What are the prime factors of 700?
2, 5, 7
What are the prime factors of 20278?
2, 10139
What are the prime factors of 5579?
7, 797
List the prime factors of 18392.
2, 11, 19
What are the prime factors of 81042?
2, 3, 13, 1039
List the prime factors of 1733.
1733
List the prime factors of 1159.
19, 61
What are the prime factors of 12197?
12197
What are the prime factors of 71399?
71399
List the prime factors of 4232.
2, 23
List the prime factors of 10832.
2, 677
What are the prime factors of 842?
2, 421
List the prime factors of 17861.
53, 337
What are the prime factors of 354?
2, 3, 59
What are the prime factors of 290?
2, 5, 29
List the prime factors of 86393.
19, 4547
What are the prime factors of 31196?
2, 11, 709
What are the prime factors of 452?
2, 113
List the prime factors of 1419.
3, 11, 43
What are the prime factors of 619?
619
What are the prime factors of 6782?
2, 3391
What are the prime factors of 200786?
2, 100393
What are the prime factors of 1415?
5, 283
List the prime factors of 59517.
3, 17, 389
List the prime factors of 290.
2, 5, 29
What are the prime factors of 482?
2, 241
List the prime factors of 59031.
3, 7, 937
What are the prime factors of 1326?
2, 3, 13, 17
What are the prime factors of 18276?
2, 3, 1523
What are the prime factors of 643?
643
List the prime factors of 196355.
5, 173, 227
List the prime factors of 3369.
3, 1123
What are the prime factors of 116015?
5, 23203
List the prime factors of 6372.
2, 3, 59
What are the prime factors of 3280?
2, 5, 41
List the prime factors of 64188.
2, 3, 1783
What are the prime factors of 31844?
2, 19, 419
List the prime factors of 2210.
2, 5, 13, 17
List the prime factors of 104215.
5, 19, 1097
What are the prime factors of 45233?
45233
What are the prime factors of 1031?
1031
List the prime factors of 14462.
2, 7, 1033
List the prime factors of 5372.
2, 17, 79
What are the prime factors of 4587?
3, 11, 139
What are the prime factors of 490?
2, 5, 7
What are the prime factors of 444?
2, 3, 37
List the prime factors of 526.
2, 263
List the prime factors of 56346.
2, 3, 9391
List the prime factors of 38804.
2, 89, 109
What are the prime factors of 16597?
7, 2371
What are the prime factors of 8858?
2, 43, 103
List the prime factors of 1496.
2, 11, 17
What are the prime factors of 104700?
2, 3, 5, 349
What are the prime factors of 52001?
149, 349
Lis